 725 - 725. Let k(x) = x**2 + 3*x + 6817. Is k(a) prime?
False
Let o(f) = f**2 - 5*f + 5. Let r be o(4). Let d be -2 - r/2*(0 + 2). Is 807/d*55/(-5) a prime number?
False
Suppose 8*y = 215 + 553. Let m(b) = 0 + 3 - 100*b**2 + 5*b**3 + 0 + y*b**2 + 5*b. Is m(9) a composite number?
True
Let h = 125422 + -20351. Is h composite?
False
Let y(l) = 3*l**2 + 2*l - 7. Let h be (3 - -5)*-1*3/(-6). Is y(h) a prime number?
False
Let t(g) = 64*g - 17. Let m(x) = 128*x - 36. Let n(j) = -4*m(j) + 7*t(j). Is n(-28) a prime number?
False
Suppose 50*a - 46*a - 2264 = 4*d, -3*a - 3*d + 1668 = 0. Let g = 346 + a. Is g a composite number?
False
Suppose -2*r = -j - j - 94, -5*r = -3*j - 141. Let v = j + 52. Suppose -351 - 534 = -v*h. Is h a composite number?
True
Suppose 8*f + 127248 = 20376. Is (f/(-18) - 6)*6 prime?
False
Let f be (40/(-44))/(-5) + 136/(-22). Let s(i) = -i**2 - 7*i. Let c be s(f). Is (-23040)/(-25) - c/10 a prime number?
False
Let x be (3 - 4) + -3*(-12)/9. Is (x - (5 + -1))*12308/(-4) a composite number?
True
Let o be (-8)/(288/(-45))*(1 - -3). Suppose -5*y + 7*m = 2*m - 24920, 0 = o*m + 25. Is y prime?
False
Let z be (24/20)/((-6)/(-10)). Suppose -z*d + 3*d + 519 = 0. Let v = -110 - d. Is v composite?
False
Let r be 4/(-9)*-6*453. Let u be (8/18)/((-68)/(-306)). Suppose 4*f = u*j + 2*j + r, 3*f = -4*j + 941. Is f composite?
False
Suppose -303*u + 306*u = 49911. Is u prime?
False
Let h be 1 - -1 - (2 - 2). Suppose 4*t + 665 = 2*t - 5*c, 2*t + h*c = -662. Let s = 67 - t. Is s composite?
False
Let x be 1/(-5) - 23478/(-15). Suppose -7*w + 8152 = x. Is w composite?
False
Let m = -417 - -445. Is (-67540)/88*(m/(-10) - 0) a composite number?
True
Let f = 2 - -1. Suppose f*o + 8 = 35. Suppose 844 = 13*d - o*d. Is d composite?
False
Suppose -2*h - 3*h = -45985. Suppose 9*u + h = 26*u. Is u prime?
True
Suppose -3*f = 4*t - 177832 - 57513, 0 = -t - 11*f + 58908. Is t a composite number?
False
Let d(o) = o**3 - 59*o**2 - 107*o - 3688. Is d(127) a prime number?
False
Let b(w) = 12*w**3 + 2*w**2 - 7*w**2 + 2 + 0 + 12*w. Let g be b(4). Suppose -2*z + 314 = -3*x - 459, 2*z + 4*x = g. Is z a composite number?
False
Let o(k) = 290*k**3 - 142*k**3 - 141*k**3 + k + 3*k**2 + 1. Let x be o(-2). Is (-7110)/(-4) - (x/(-10) - 4) prime?
True
Let v(u) = 247*u + 30*u - 29*u + 21 + 38*u. Let f(o) = 143*o + 10. Let z(l) = 7*f(l) - 3*v(l). Is z(6) a prime number?
False
Suppose 120*j - 117*j + 297 = 0. Suppose -2*a + 1444 = a - 2*p, 0 = -5*a + 5*p + 2410. Let i = j + a. Is i prime?
False
Let d(o) = -o**3 + 16*o**2 - 15*o - 13. Let q = 44 + -29. Let j be d(q). Let c(z) = z**3 + 14*z**2 - 6. Is c(j) composite?
False
Is 462399/15 + -3 + 12/(-20) prime?
False
Suppose -17*a + 3549 = -3472. Let x(j) = j**2 - 78. Let l be x(0). Let v = a + l. Is v a composite number?
True
Let l(d) = d**2 - 9*d + 2. Let x be l(8). Let z(v) be the third derivative of v**5 - 5*v**4/24 - 11*v**3/6 - 204*v**2. Is z(x) a prime number?
True
Let u(y) = -162*y**3 - y**2 - 6*y + 6. Let p be u(4). Let x = p + 17339. Is x composite?
True
Is 5 - ((-2)/(12/2031914) + 520/(-312)) composite?
False
Let k(f) = -4*f - 1 + 3*f + 3*f**2 + 6. Let z be 7/28 + 39/4. Is k(z) composite?
True
Suppose -8 = -4*m, -4*m - 60 = 2*k - 102. Suppose k*h = 26278 + 59589. Is h a composite number?
False
Let k(p) = -667*p - 1. Let j be k(-2). Is 26/(-78) + j*(-8)/(-6) prime?
True
Let g(w) = 1132*w**2 - 158*w - 5. Is g(-7) a composite number?
False
Let r(d) = 960*d - 111. Let q(x) = 2*x. Let a(y) = -2*q(y) - r(y). Is a(-37) a composite number?
True
Let f = 140 + -138. Suppose -3*c - 7224 = -4*r + r, f*r + 5*c = 4851. Is r prime?
False
Suppose -3*r - 17600 = -2*p, -3*p = -r - 29595 + 3216. Is p composite?
True
Suppose -11425 = -5*r - u - u, 4*u - 2303 = -r. Suppose 8*x - 73611 = -r. Let z = x - 4423. Is z a composite number?
False
Let i(d) = -71*d**2 + 14*d - 17. Let h(t) = 72*t**2 - 15*t + 19. Let m(b) = -5*h(b) - 6*i(b). Is m(-4) a prime number?
False
Let q = 205 - 683. Suppose 3*i = -5803 + 1612. Let r = q - i. Is r a prime number?
True
Suppose -6*z = 3*z - 655858 - 2259449. Is z composite?
False
Let d(x) = 2*x**2 - 3*x - 16. Let j(p) = 12*p + 31. Let r(o) = 11*o + 32. Let m(t) = -3*j(t) + 4*r(t). Let n be m(-5). Is d(n) composite?
True
Suppose 5*p + 2*x - 25 = 0, 5*p + x + 2*x = 25. Suppose 9*d - 5*o - 33474 = 6*d, 0 = -p*o - 15. Is d prime?
False
Is (0 - -2986) + 2535/195 a prime number?
True
Suppose 1006 - 7474 = 4*f. Let v = -426 - f. Suppose 397 = t + 6*x - 8*x, 5*x = -3*t + v. Is t a composite number?
False
Suppose 69486 = -15*u - 73254. Let a = 21895 - u. Is a composite?
True
Let y(z) be the third derivative of z**6/120 - 13*z**5/60 + 5*z**4/12 + 4*z**3 - 12*z**2. Let h be y(12). Suppose -3*x - 65 + 1070 = h. Is x composite?
True
Suppose 4*b = -4*w + 337118 + 241938, 4*b - 3*w = 579070. Is b prime?
False
Let z(d) be the first derivative of -13*d**7/840 - d**6/90 + d**5/60 - 5*d**4/24 + d**3 + 4. Let q(c) be the third derivative of z(c). Is q(-4) composite?
True
Let u(x) = -x - 4. Let a = -10 - -1. Let o be u(a). Suppose -4*n + 2*l + 3762 = -922, n - 1189 = o*l. Is n prime?
False
Let c(w) = 52*w**2 - 150*w + 2749. Is c(15) a composite number?
True
Let h(m) = -m**2 - 16*m - 15. Let o be h(-12). Let u = o - -319. Suppose -4*v - c = 2*c - u, -v + c = -95. Is v a prime number?
False
Let g = -8710 - -26525. Suppose g = 6*x - 36659. Is x a composite number?
True
Suppose 6*v + 5*n - 59800 = v, 3*v = 3*n + 35874. Is v a composite number?
False
Suppose 14*c - 2705815 = 7432383. Is c composite?
True
Suppose -57*x + 4104605 = -19834426. Is x composite?
True
Let p(u) = 79477*u**3 - 55*u**2 + 49*u. Is p(1) a composite number?
True
Suppose -14321 = -5*n - 2*r, 0 = -3*n - 0*n - 4*r + 8587. Let y = -25 - -29. Suppose -9*v + y*v = -n. Is v composite?
True
Let r(h) = -582*h + 97. Let q(o) = -o - 31. Let n be q(-28). Is r(n) a prime number?
False
Suppose 355*t = 378*t - 1111337. Is t composite?
True
Suppose -c + 25180932 = 83*c - 0*c. Is c composite?
True
Let i = -117355 - -213032. Is i a composite number?
True
Let v(g) = 112*g - 21. Let i be v(8). Suppose 201 = -2*f + i. Is f a prime number?
True
Let r(f) = -51027*f - 63. Let v be r(-14). Suppose 18*y + 3*y = v. Is y composite?
True
Suppose -2*l + 2709 = 2*u + 9401, -5*l - 3*u = 16738. Let b = -8168 + 12879. Let g = l + b. Is g a composite number?
False
Suppose 6*d - 53530 - 33236 = 0. Is d a composite number?
False
Is ((-26)/39 + 12/45)*(-30171030)/12 composite?
False
Let q(w) = 20*w - 46. Let c be q(3). Suppose 0 = -22*s + c*s + 34824. Is s prime?
False
Suppose -5*b - 483*s + 488*s = -1630255, 0 = 5*s - 30. Is b prime?
True
Let f(i) = -i**3 + 1. Let b(c) be the second derivative of c**5/4 + c**4/12 - 4*c**3/3 + 9*c**2/2 - 12*c. Let o(u) = b(u) + 3*f(u). Is o(11) a composite number?
False
Let q(i) = -117*i**3 + 14*i**2 + 22*i + 139. Is q(-10) a composite number?
True
Let y be 10/25 - (-39)/15. Suppose y*r - r = 10. Suppose 0*c = -3*c - 2*b + 2755, 4609 = r*c - b. Is c prime?
False
Let i(n) = n**3 + 85*n**2 - 5*n - 325. Is i(-84) a composite number?
False
Let t(a) = -65*a - 12. Let m be (2/6)/((-4)/24) - -5. Let j(p) = 32*p + 6. Let n(h) = m*t(h) + 7*j(h). Is n(4) a composite number?
True
Let f(s) = 16 - 8*s + 33*s**2 - 17*s**2 - 51. Let c be f(-15). Suppose 11*z = 6*z + c. Is z a composite number?
True
Let g(q) be the third derivative of -q**6/120 + 17*q**5/60 - 5*q**4/6 + 73*q**3/6 - 35*q**2. Is g(14) a prime number?
False
Let d = -267 - -269. Suppose -2*x - 7835 = -d*t + t, -2*x = -4*t + 31322. Is t a composite number?
False
Suppose -6*t = 12 - 0. Is 448*t/(-3) + 10/(-15) composite?
True
Let h(i) = 6*i**2 - 6. Let y be h(3). Suppose 3*u + 0*u = -2*m + 37, 3*m - 3*u - y = 0. Let n = m - -1626. Is n a composite number?
True
Suppose 2*u + 47555 = 3*v - 130502, u = -4*v + 237402. Is v prime?
True
Suppose -29*x + 942418 = -2377125. Is x a composite number?
False
Let r(c) = 81595*c + 11386. Is r(9) composite?
False
Suppose 7*b - 6*s - 4866212 = -3*s, -2*b + 2*s = -1390344. Is b a composite number?
True
Suppose 4*y + 52249 = 5*j, -70*j - 10461 = -71*j - 2*y. Is j composite?
False
Let m = -9928 + 10501. Is m composite?
True
Let u(c) = 295*c**2 + 112*c + 586. Is u(-5) prime?
False
Let o(i) = -7920*